{"id":720,"date":"2017-10-12T13:23:30","date_gmt":"2017-10-12T16:23:30","guid":{"rendered":"http:\/\/comeca.uy\/?page_id=720"},"modified":"2017-10-12T13:23:30","modified_gmt":"2017-10-12T16:23:30","slug":"violencia-domestica-y-violencia-sexual","status":"publish","type":"page","link":"https:\/\/comeca.uy\/web\/violencia-domestica-y-violencia-sexual\/","title":{"rendered":"Violencia dom\u00e9stica y violencia sexual"},"content":{"rendered":"<p><a href=\"https:\/\/comeca.uy\/wp-content\/uploads\/2017\/10\/vdm.png\"><img loading=\"lazy\" decoding=\"async\" src=\"https:\/\/comeca.uy\/wp-content\/uploads\/2017\/10\/vdm-300x212.png\" alt=\"\" width=\"519\" height=\"366\" class=\"alignnone size-medium wp-image-731\" \/><\/a><\/p>\n<p>COMECA tiene a disposici\u00f3n de los afiliados que sufren de situaciones de violencia dom\u00e9stica o sexual, policl\u00ednicas multidisciplinarias para brindar asesoramiento y apoyo<\/p>\n<p>CANELONES:<br \/>\n\u2022\t2do lunes de mes hora 18<br \/>\n\u2022\t4to lunes de mes hora 18<br \/>\nSANTA LUCIA:<br \/>\n\u2022\t2do jueves de mes hora 17:30<br \/>\n\u2022\t4to jueves de mes hora 19:30 (adolescentes y menores)<\/p>\n","protected":false},"excerpt":{"rendered":"<p>COMECA tiene a disposici\u00f3n de los afiliados que sufren de situaciones de violencia dom\u00e9stica o sexual, policl\u00ednicas multidisciplinarias para brindar asesoramiento y apoyo CANELONES: \u2022 2do lunes de mes hora 18 \u2022 4to lunes de mes hora 18 SANTA LUCIA: \u2022 2do jueves de mes hora 17:30 \u2022 4to jueves de mes hora 19:30 (adolescentes [&hellip;]<\/p>\n","protected":false},"author":1,"featured_media":731,"parent":0,"menu_order":0,"comment_status":"closed","ping_status":"closed","template":"","meta":{"footnotes":""},"class_list":["post-720","page","type-page","status-publish","has-post-thumbnail","hentry"],"_links":{"self":[{"href":"https:\/\/comeca.uy\/web\/wp-json\/wp\/v2\/pages\/720","targetHints":{"allow":["GET"]}}],"collection":[{"href":"https:\/\/comeca.uy\/web\/wp-json\/wp\/v2\/pages"}],"about":[{"href":"https:\/\/comeca.uy\/web\/wp-json\/wp\/v2\/types\/page"}],"author":[{"embeddable":true,"href":"https:\/\/comeca.uy\/web\/wp-json\/wp\/v2\/users\/1"}],"replies":[{"embeddable":true,"href":"https:\/\/comeca.uy\/web\/wp-json\/wp\/v2\/comments?post=720"}],"version-history":[{"count":0,"href":"https:\/\/comeca.uy\/web\/wp-json\/wp\/v2\/pages\/720\/revisions"}],"wp:featuredmedia":[{"embeddable":true,"href":"https:\/\/comeca.uy\/web\/wp-json\/"}],"wp:attachment":[{"href":"https:\/\/comeca.uy\/web\/wp-json\/wp\/v2\/media?parent=720"}],"curies":[{"name":"wp","href":"https:\/\/api.w.org\/{rel}","templated":true}]}}