{"id":276,"date":"2015-09-16T07:53:05","date_gmt":"2015-09-16T10:53:05","guid":{"rendered":"http:\/\/www.comeca.uy\/web\/?page_id=276"},"modified":"2015-09-16T07:53:05","modified_gmt":"2015-09-16T10:53:05","slug":"juanico","status":"publish","type":"page","link":"https:\/\/comeca.uy\/web\/juanico\/","title":{"rendered":"JUANICO"},"content":{"rendered":"<table style=\"margin-left: auto; margin-right: auto; height: 557px;\" width=\"711\">\n<tbody>\n<tr>\n<td colspan=\"3\">\u00a0<a href=\"https:\/\/www.comeca.uy\/web\/wp-content\/uploads\/2015\/09\/juanico.jpg\"><img loading=\"lazy\" decoding=\"async\" class=\"alignnone wp-image-277 \" src=\"https:\/\/www.comeca.uy\/web\/wp-content\/uploads\/2015\/09\/juanico.jpg\" alt=\"juanico\" width=\"613\" height=\"343\" \/><\/a><\/td>\n<\/tr>\n<tr>\n<td><span style=\"font-family: 'trebuchet ms', geneva;\"><strong><span style=\"font-size: 14pt;\">FILIAL:<\/span><\/strong><\/span><\/td>\n<td><\/td>\n<td>\n<pre><span style=\"font-family: verdana, geneva;\"><strong>JUANICO<\/strong><\/span><\/pre>\n<pre><strong><span style=\"font-family: verdana, geneva; font-size: 10pt;\">Direcci\u00f3n: Ruta 5 km. 38.<\/span><\/strong><\/pre>\n<pre><\/pre>\n<\/td>\n<\/tr>\n<tr>\n<td><span style=\"font-size: 14pt; font-family: 'trebuchet ms', geneva;\"><strong>HORARIO DE ANTENCI\u00d3N:<\/strong><\/span><\/td>\n<td><\/td>\n<td>\n<pre><span style=\"font-family: verdana, geneva;\"><strong>LUNES DE 8:45 A 15:45 MARTES DE 7:30 A 14:30 MI\u00c9RCOLES , JUEVES Y VIERNES DE 8 A 15 EXTRACCIONES DE SANGRE MARTES DE 7:45 A 9 HS<\/strong><\/span><\/pre>\n<\/td>\n<\/tr>\n<tr>\n<td><span style=\"font-family: 'trebuchet ms', geneva;\"><strong><span style=\"font-size: 14pt;\">TELEFONOS INTERNOS:<\/span><\/strong><\/span><\/td>\n<td><\/td>\n<td>\n<pre><strong><span style=\"font-family: verdana, geneva;\">43359721 - Interno 8015<\/span><\/strong><\/pre>\n<\/td>\n<\/tr>\n<tr>\n<td><span style=\"font-family: 'trebuchet ms', geneva;\"><strong><span style=\"font-size: 14pt;\">MAIL:<\/span><\/strong><\/span><\/td>\n<td><\/td>\n<td>\n<pre><span style=\"font-family: verdana, geneva;\"><strong>------<\/strong><\/span><\/pre>\n<\/td>\n<\/tr>\n<tr>\n<td><\/td>\n<td><\/td>\n<td><\/td>\n<\/tr>\n<tr>\n<td><span style=\"font-family: 'trebuchet ms', geneva;\"><strong><span style=\"font-size: 14pt;\">REFERENTES DEL SECTOR:<\/span><\/strong><\/span><\/td>\n<td><\/td>\n<td>\n<pre><span style=\"background-color: #ffffff;\"><strong><span style=\"font-family: verdana, geneva;\">- Dra.: Paola Luengo<\/span><\/strong><\/span><\/pre>\n<\/td>\n<\/tr>\n<\/tbody>\n<\/table>\n","protected":false},"excerpt":{"rendered":"<p>\u00a0 FILIAL: JUANICO Direcci\u00f3n: Ruta 5 km. 38. HORARIO DE ANTENCI\u00d3N: LUNES DE 8:45 A 15:45 MARTES DE 7:30 A 14:30 MI\u00c9RCOLES , JUEVES Y VIERNES DE 8 A 15 EXTRACCIONES DE SANGRE MARTES DE 7:45 A 9 HS TELEFONOS INTERNOS: 43359721 &#8211; Interno 8015 MAIL: &#8212;&#8212; REFERENTES DEL SECTOR: &#8211; Dra.: Paola Luengo<\/p>\n","protected":false},"author":1,"featured_media":0,"parent":0,"menu_order":0,"comment_status":"closed","ping_status":"closed","template":"","meta":{"footnotes":""},"class_list":["post-276","page","type-page","status-publish","hentry"],"_links":{"self":[{"href":"https:\/\/comeca.uy\/web\/wp-json\/wp\/v2\/pages\/276","targetHints":{"allow":["GET"]}}],"collection":[{"href":"https:\/\/comeca.uy\/web\/wp-json\/wp\/v2\/pages"}],"about":[{"href":"https:\/\/comeca.uy\/web\/wp-json\/wp\/v2\/types\/page"}],"author":[{"embeddable":true,"href":"https:\/\/comeca.uy\/web\/wp-json\/wp\/v2\/users\/1"}],"replies":[{"embeddable":true,"href":"https:\/\/comeca.uy\/web\/wp-json\/wp\/v2\/comments?post=276"}],"version-history":[{"count":0,"href":"https:\/\/comeca.uy\/web\/wp-json\/wp\/v2\/pages\/276\/revisions"}],"wp:attachment":[{"href":"https:\/\/comeca.uy\/web\/wp-json\/wp\/v2\/media?parent=276"}],"curies":[{"name":"wp","href":"https:\/\/api.w.org\/{rel}","templated":true}]}}