{"id":273,"date":"2015-09-16T07:52:04","date_gmt":"2015-09-16T10:52:04","guid":{"rendered":"http:\/\/www.comeca.uy\/web\/?page_id=273"},"modified":"2025-04-03T11:53:08","modified_gmt":"2025-04-03T11:53:08","slug":"cerrillos","status":"publish","type":"page","link":"https:\/\/comeca.uy\/web\/cerrillos\/","title":{"rendered":"CERRILLOS"},"content":{"rendered":"\n<figure class=\"wp-block-table\"><table><tbody><tr><td colspan=\"3\">&nbsp;<a href=\"https:\/\/www.comeca.uy\/web\/wp-content\/uploads\/2015\/09\/cerrillos.jpg\"><img loading=\"lazy\" decoding=\"async\" class=\"alignnone wp-image-274 \" src=\"https:\/\/www.comeca.uy\/web\/wp-content\/uploads\/2015\/09\/cerrillos.jpg\" alt=\"cerrillos\" width=\"612\" height=\"231\"><\/a><\/td><\/tr><tr><td><span style=\"font-family: 'trebuchet ms', geneva;\"><strong><span style=\"font-size: 14pt;\">FILIAL:<\/span><\/strong><\/span><\/td><td><\/td><td>\n<pre><span style=\"font-family: verdana, geneva;\"><strong>CERRILLOS<\/strong><\/span><\/pre>\n<pre><strong><span style=\"font-family: verdana, geneva; font-size: 10pt;\">Direcci\u00f3n: M\u00e1ximo Tajes s\/n, esq. Zorrilla de San Mart\u00edn.<\/span><\/strong><\/pre>\n<pre><\/pre>\n<\/td><\/tr><tr><td><span style=\"font-size: 14pt; font-family: 'trebuchet ms', geneva;\"><strong>HORARIO DE ANTENCI\u00d3N:<\/strong><\/span><\/td><td><\/td><td><br><pre><span style=\"font-family: verdana, geneva;\"><strong>Lunes a viernes 8:00 a 19:30 hs (martes y jueves an\u00e1lisis 7.30 arranca), s\u00e1bados 8:00 a 12:00 hs<\/strong><\/span><\/pre><br><\/td><\/tr><tr><td><span style=\"font-family: 'trebuchet ms', geneva;\"><strong><span style=\"font-size: 14pt;\">TELEFONOS INTERNOS:<\/span><\/strong><\/span><\/td><td><\/td><td>\n<pre><strong><span style=\"font-family: verdana, geneva;\">43362074 - Interno 8005<\/span><\/strong><\/pre>\n<\/td><\/tr><tr><td><span style=\"font-family: 'trebuchet ms', geneva;\"><strong><span style=\"font-size: 14pt;\">MAIL:<\/span><\/strong><\/span><\/td><td><\/td><td>\n<pre><span style=\"font-family: verdana, geneva;\"><strong>cerrillos@comeca.com.uy<\/strong><\/span><\/pre>\n<\/td><\/tr><tr><td><\/td><td><\/td><td><\/td><\/tr><tr><td><span style=\"font-family: 'trebuchet ms', geneva;\"><strong><span style=\"font-size: 14pt;\">REFERENTES DEL SECTOR:<\/span><\/strong><\/span><\/td><td><\/td><td>\n<pre><span style=\"background-color: #ffffff;\"><strong><span style=\"font-family: verdana, geneva;\">- Dra.: Daina Moreira<\/span><\/strong><\/span><\/pre>\n<\/td><\/tr><\/tbody><\/table><\/figure>\n","protected":false},"excerpt":{"rendered":"<p>&nbsp; FILIAL: CERRILLOS Direcci\u00f3n: M\u00e1ximo Tajes s\/n, esq. Zorrilla de San Mart\u00edn. HORARIO DE ANTENCI\u00d3N: Lunes a viernes 8:00 a 19:30 hs (martes y jueves an\u00e1lisis 7.30 arranca), s\u00e1bados 8:00 a 12:00 hs TELEFONOS INTERNOS: 43362074 &#8211; Interno 8005 MAIL: cerrillos@comeca.com.uy REFERENTES DEL SECTOR: &#8211; Dra.: Daina Moreira<\/p>\n","protected":false},"author":1,"featured_media":0,"parent":0,"menu_order":0,"comment_status":"closed","ping_status":"closed","template":"","meta":{"footnotes":""},"class_list":["post-273","page","type-page","status-publish","hentry"],"_links":{"self":[{"href":"https:\/\/comeca.uy\/web\/wp-json\/wp\/v2\/pages\/273","targetHints":{"allow":["GET"]}}],"collection":[{"href":"https:\/\/comeca.uy\/web\/wp-json\/wp\/v2\/pages"}],"about":[{"href":"https:\/\/comeca.uy\/web\/wp-json\/wp\/v2\/types\/page"}],"author":[{"embeddable":true,"href":"https:\/\/comeca.uy\/web\/wp-json\/wp\/v2\/users\/1"}],"replies":[{"embeddable":true,"href":"https:\/\/comeca.uy\/web\/wp-json\/wp\/v2\/comments?post=273"}],"version-history":[{"count":1,"href":"https:\/\/comeca.uy\/web\/wp-json\/wp\/v2\/pages\/273\/revisions"}],"predecessor-version":[{"id":3431,"href":"https:\/\/comeca.uy\/web\/wp-json\/wp\/v2\/pages\/273\/revisions\/3431"}],"wp:attachment":[{"href":"https:\/\/comeca.uy\/web\/wp-json\/wp\/v2\/media?parent=273"}],"curies":[{"name":"wp","href":"https:\/\/api.w.org\/{rel}","templated":true}]}}