{"id":267,"date":"2015-09-16T07:48:08","date_gmt":"2015-09-16T10:48:08","guid":{"rendered":"http:\/\/www.comeca.uy\/web\/?page_id=267"},"modified":"2015-09-16T07:48:08","modified_gmt":"2015-09-16T10:48:08","slug":"tala","status":"publish","type":"page","link":"https:\/\/comeca.uy\/web\/tala\/","title":{"rendered":"TALA"},"content":{"rendered":"\n<figure class=\"wp-block-table\"><table><tbody><tr><td colspan=\"3\">&nbsp;<a href=\"https:\/\/www.comeca.uy\/web\/wp-content\/uploads\/2015\/09\/tala_filial.jpg\"><img loading=\"lazy\" decoding=\"async\" class=\"alignnone wp-image-268 \" src=\"https:\/\/www.comeca.uy\/web\/wp-content\/uploads\/2015\/09\/tala_filial.jpg\" alt=\"tala_filial\" width=\"613\" height=\"220\"><\/a><\/td><\/tr><tr><td><span style=\"font-family: 'trebuchet ms', geneva;\"><strong><span style=\"font-size: 14pt;\">FILIAL:<\/span><\/strong><\/span><\/td><td><\/td><td>\n<pre><span style=\"font-family: verdana, geneva;\"><strong> TALA :Direcci\u00f3n: Florida s\/n, entre Jos\u00e9 Artigas y Santiago Borrasas<\/strong><\/span><\/pre>\n<\/td><\/tr><tr><td><span style=\"font-size: 14pt; font-family: 'trebuchet ms', geneva;\"><strong>HORARIO DE ANTENCI\u00d3N:<\/strong><\/span><\/td><td><\/td><td><br><pre><span style=\"font-family: verdana, geneva;\"><strong>Lunes, Mi\u00e9rcoles y viernes 6:00 a 19:30 hs, Martes y Jueves de 07:00 A 19:30<br>s\u00e1bados 7:00 a 12:00 hs<\/strong><\/span><\/pre><br><\/td><\/tr><tr><td><span style=\"font-family: 'trebuchet ms', geneva;\"><strong><span style=\"font-size: 14pt;\">TELEFONOS INTERNOS:<\/span><\/strong><\/span><\/td><td><\/td><td><br><pre><strong><span style=\"font-family: verdana, geneva;\">4315 2727 - Interno 8004<\/span><\/strong><\/pre><br><\/td><\/tr><tr><td><span style=\"font-family: 'trebuchet ms', geneva;\"><strong><span style=\"font-size: 14pt;\">MAIL:<\/span><\/strong><\/span><\/td><td><\/td><td>\n<pre><span style=\"font-family: verdana, geneva;\"><strong>tala@comeca.com.uy<\/strong><\/span><\/pre>\n<\/td><\/tr><tr><td><\/td><td><\/td><td><\/td><\/tr><tr><td><span style=\"font-family: 'trebuchet ms', geneva;\"><strong><span style=\"font-size: 14pt;\">REFERENTES DEL SECTOR:<\/span><\/strong><\/span><\/td><td><\/td><td><br><pre><span style=\"background-color: #ffffff;\"><strong><span style=\"font-family: verdana, geneva;\">- Dra. Rosana D\u00edaz - Dra Patricia Casas - Dra Marcela Pizzatti<\/span><\/strong><\/span><\/pre><br><\/td><\/tr><\/tbody><\/table><\/figure>\n","protected":false},"excerpt":{"rendered":"<p>&nbsp; FILIAL: TALA :Direcci\u00f3n: Florida s\/n, entre Jos\u00e9 Artigas y Santiago Borrasas HORARIO DE ANTENCI\u00d3N: Lunes, Mi\u00e9rcoles y viernes 6:00 a 19:30 hs, Martes y Jueves de 07:00 A 19:30s\u00e1bados 7:00 a 12:00 hs TELEFONOS INTERNOS: 4315 2727 &#8211; Interno 8004 MAIL: tala@comeca.com.uy REFERENTES DEL SECTOR: &#8211; Dra. Rosana D\u00edaz &#8211; Dra Patricia Casas &#8211; [&hellip;]<\/p>\n","protected":false},"author":1,"featured_media":0,"parent":0,"menu_order":0,"comment_status":"closed","ping_status":"closed","template":"","meta":{"footnotes":""},"class_list":["post-267","page","type-page","status-publish","hentry"],"_links":{"self":[{"href":"https:\/\/comeca.uy\/web\/wp-json\/wp\/v2\/pages\/267","targetHints":{"allow":["GET"]}}],"collection":[{"href":"https:\/\/comeca.uy\/web\/wp-json\/wp\/v2\/pages"}],"about":[{"href":"https:\/\/comeca.uy\/web\/wp-json\/wp\/v2\/types\/page"}],"author":[{"embeddable":true,"href":"https:\/\/comeca.uy\/web\/wp-json\/wp\/v2\/users\/1"}],"replies":[{"embeddable":true,"href":"https:\/\/comeca.uy\/web\/wp-json\/wp\/v2\/comments?post=267"}],"version-history":[{"count":0,"href":"https:\/\/comeca.uy\/web\/wp-json\/wp\/v2\/pages\/267\/revisions"}],"wp:attachment":[{"href":"https:\/\/comeca.uy\/web\/wp-json\/wp\/v2\/media?parent=267"}],"curies":[{"name":"wp","href":"https:\/\/api.w.org\/{rel}","templated":true}]}}