{"id":247,"date":"2015-09-14T16:21:08","date_gmt":"2015-09-14T19:21:08","guid":{"rendered":"http:\/\/www.comeca.uy\/web\/?page_id=247"},"modified":"2015-09-14T16:21:08","modified_gmt":"2015-09-14T19:21:08","slug":"semic-emergencia-medica-movil","status":"publish","type":"page","link":"https:\/\/comeca.uy\/web\/semic-emergencia-medica-movil\/","title":{"rendered":"SEMIC &#8211; Emergencia M\u00e9dica M\u00f3vil"},"content":{"rendered":"<p>Bonificaci\u00f3n especial en la cuota mensual\u00a0 para los socios de COMECA , del servicio de emergencia m\u00f3vil,\u00a0 que te permite agregar m\u00e1s beneficios en Canelones, Santa Luc\u00eda y en todo el pa\u00eds. Cobertura inmediata desde el momento de la afiliaci\u00f3n.<\/p>\n<p>&nbsp;<\/p>\n<p>Bases de salida con m\u00e9dicos de adultos y pediatras<\/p>\n<p>Canelones y Santa Luc\u00eda<\/p>\n<p>&nbsp;<\/p>\n<p>Cobertura de emergencia en todo el pa\u00eds<\/p>\n<p>Uruguay Emergencia &#8211; RED SIEM en el interior<\/p>\n<p>SUAT y UCM en Montevideo<\/p>\n<p>&nbsp;<\/p>\n<p>Atenci\u00f3n de emergencia en MERCOSUR &#8211; solicit\u00e1ndola previo al viaje<\/p>\n<p>a traves de RED SIEM<\/p>\n<p>&nbsp;<\/p>\n<p>Validez de recetas de medicamentos<\/p>\n<p>las recetas de medicamentos indicados por profesionales de SEMIC<\/p>\n<p>son aceptadas en las farmacias de COMECA , donde podr\u00e1s<\/p>\n<p>retirar la medicaci\u00f3n<\/p>\n<p><a href=\"https:\/\/www.comeca.uy\/web\/wp-content\/uploads\/2015\/09\/semic.jpg\"><img loading=\"lazy\" decoding=\"async\" class=\"alignnone wp-image-250 size-full\" src=\"https:\/\/www.comeca.uy\/web\/wp-content\/uploads\/2015\/09\/semic.jpg\" alt=\"semic\" width=\"807\" height=\"605\" \/><\/a><\/p>\n","protected":false},"excerpt":{"rendered":"<p>Bonificaci\u00f3n especial en la cuota mensual\u00a0 para los socios de COMECA , del servicio de emergencia m\u00f3vil,\u00a0 que te permite agregar m\u00e1s beneficios en Canelones, Santa Luc\u00eda y en todo el pa\u00eds. Cobertura inmediata desde el momento de la afiliaci\u00f3n. &nbsp; Bases de salida con m\u00e9dicos de adultos y pediatras Canelones y Santa Luc\u00eda &nbsp; [&hellip;]<\/p>\n","protected":false},"author":1,"featured_media":0,"parent":0,"menu_order":0,"comment_status":"closed","ping_status":"closed","template":"","meta":{"footnotes":""},"class_list":["post-247","page","type-page","status-publish","hentry"],"_links":{"self":[{"href":"https:\/\/comeca.uy\/web\/wp-json\/wp\/v2\/pages\/247","targetHints":{"allow":["GET"]}}],"collection":[{"href":"https:\/\/comeca.uy\/web\/wp-json\/wp\/v2\/pages"}],"about":[{"href":"https:\/\/comeca.uy\/web\/wp-json\/wp\/v2\/types\/page"}],"author":[{"embeddable":true,"href":"https:\/\/comeca.uy\/web\/wp-json\/wp\/v2\/users\/1"}],"replies":[{"embeddable":true,"href":"https:\/\/comeca.uy\/web\/wp-json\/wp\/v2\/comments?post=247"}],"version-history":[{"count":0,"href":"https:\/\/comeca.uy\/web\/wp-json\/wp\/v2\/pages\/247\/revisions"}],"wp:attachment":[{"href":"https:\/\/comeca.uy\/web\/wp-json\/wp\/v2\/media?parent=247"}],"curies":[{"name":"wp","href":"https:\/\/api.w.org\/{rel}","templated":true}]}}

SEMIC &#8211; Emergencia Médica Móvil

<p>Bonificación especial en la cuota mensual  para los socios de COMECA , del servicio de emergencia móvil,  que te permite agregar más beneficios en Canelones, Santa Lucía y en todo el país. Cobertura inmediata desde el momento de la afiliación.</p>
<p>&nbsp;</p>
<p>Bases de salida con médicos de adultos y pediatras</p>
<p>Canelones y Santa Lucía</p>
<p>&nbsp;</p>
<p>Cobertura de emergencia en todo el país</p>
<p>Uruguay Emergencia &#8211; RED SIEM en el interior</p>
<p>SUAT y UCM en Montevideo</p>
<p>&nbsp;</p>
<p>Atención de emergencia en MERCOSUR &#8211; solicitándola previo al viaje</p>
<p>a traves de RED SIEM</p>
<p>&nbsp;</p>
<p>Validez de recetas de medicamentos</p>
<p>las recetas de medicamentos indicados por profesionales de SEMIC</p>
<p>son aceptadas en las farmacias de COMECA , donde podrás</p>
<p>retirar la medicación</p>
<p><a href="https://www.comeca.uy/web/wp-content/uploads/2015/09/semic.jpg"><img loading="lazy" decoding="async" class="alignnone wp-image-250 size-full" src="https://www.comeca.uy/web/wp-content/uploads/2015/09/semic.jpg" alt="semic" width="807" height="605" /></a></p>

<p>Bonificación especial en la cuota mensual  para los socios de COMECA , del servicio de emergencia móvil,  que te permite agregar más beneficios en Canelones, Santa Lucía y en todo el país. Cobertura inmediata desde el momento de la afiliación. &nbsp; Bases de salida con médicos de adultos y pediatras Canelones y Santa Lucía &nbsp; [&hellip;]</p>
