{"id":2420,"date":"2022-02-25T13:52:25","date_gmt":"2022-02-25T16:52:25","guid":{"rendered":"https:\/\/comeca.uy\/?page_id=2420"},"modified":"2022-02-25T13:52:25","modified_gmt":"2022-02-25T16:52:25","slug":"politicas-de-privacidad-de-aplicacion-comeca-iampp","status":"publish","type":"page","link":"https:\/\/comeca.uy\/web\/politicas-de-privacidad-de-aplicacion-comeca-iampp\/","title":{"rendered":"POL\u00cdTICAS DE PRIVACIDAD"},"content":{"rendered":"\n<p>POL\u00cdTICAS DE PRIVACIDAD de APLICACI\u00d3N COMECA<\/p>\n\n\n\n<p>Al instalar nuestro aplicativo m\u00f3vil usted indica que conoce y entiende lo siguiente:<br>1 &#8211; A trav\u00e9s de esta aplicaci\u00f3n no se recaban datos de car\u00e1cter personal de los usuarios.<br>2 &#8211; No se registran direcciones IP.<br>3 &#8211; No se accede a las cuentas de correo de los usuarios.<br>4 &#8211; La aplicaci\u00f3n no guarda datos ni hace seguimientos sobre tiempos y horarios de utilizaci\u00f3n.<br>5 &#8211; La aplicaci\u00f3n no guarda informaci\u00f3n relativa a tu dispositivo como, por ejemplo, fallos, actividad del sistema, ajustes del hardware, tipo de navegador, idioma del navegador.<br>6 &#8211; La aplicaci\u00f3n no accede a tus contactos ni agendas.<br>7 &#8211; La aplicaci\u00f3n no recopila informaci\u00f3n sobre tu ubicaci\u00f3n real.<br>8 &#8211; Clasificaci\u00f3n por edades: PEGI 3 &#8211; Apto para todos los p\u00fablicos.<br>9 &#8211; Cargos y cuotas:Cualquier uso de esta aplicaci\u00f3n es totalmente gratuito.<br>10 &#8211; Cambios en nuestra Pol\u00edtica de Privacidad: Nuestra Pol\u00edtica de Privacidad puede cambiar de vez en cuando.<br>Publicaremos cualquier cambio de pol\u00edtica de privacidad en esta p\u00e1gina, por lo que debe revisarla peri\u00f3dicamente.<br>11 &#8211; Contacto: Si tiene alguna pregunta sobre esta Pol\u00edtica o para informar de cualquier violaci\u00f3n de la Pol\u00edtica, env\u00ede un correo electr\u00f3nico a: usuarios@comeca.com.uy<\/p>\n","protected":false},"excerpt":{"rendered":"<p>POL\u00cdTICAS DE PRIVACIDAD de APLICACI\u00d3N COMECA Al instalar nuestro aplicativo m\u00f3vil usted indica que conoce y entiende lo siguiente:1 &#8211; A trav\u00e9s de esta aplicaci\u00f3n no se recaban datos de car\u00e1cter personal de los usuarios.2 &#8211; No se registran direcciones IP.3 &#8211; No se accede a las cuentas de correo de los usuarios.4 &#8211; La [&hellip;]<\/p>\n","protected":false},"author":1,"featured_media":0,"parent":0,"menu_order":0,"comment_status":"closed","ping_status":"closed","template":"","meta":{"footnotes":""},"class_list":["post-2420","page","type-page","status-publish","hentry"],"_links":{"self":[{"href":"https:\/\/comeca.uy\/web\/wp-json\/wp\/v2\/pages\/2420","targetHints":{"allow":["GET"]}}],"collection":[{"href":"https:\/\/comeca.uy\/web\/wp-json\/wp\/v2\/pages"}],"about":[{"href":"https:\/\/comeca.uy\/web\/wp-json\/wp\/v2\/types\/page"}],"author":[{"embeddable":true,"href":"https:\/\/comeca.uy\/web\/wp-json\/wp\/v2\/users\/1"}],"replies":[{"embeddable":true,"href":"https:\/\/comeca.uy\/web\/wp-json\/wp\/v2\/comments?post=2420"}],"version-history":[{"count":0,"href":"https:\/\/comeca.uy\/web\/wp-json\/wp\/v2\/pages\/2420\/revisions"}],"wp:attachment":[{"href":"https:\/\/comeca.uy\/web\/wp-json\/wp\/v2\/media?parent=2420"}],"curies":[{"name":"wp","href":"https:\/\/api.w.org\/{rel}","templated":true}]}}