{"id":238,"date":"2015-09-14T15:55:51","date_gmt":"2015-09-14T18:55:51","guid":{"rendered":"http:\/\/www.comeca.uy\/web\/?page_id=238"},"modified":"2015-09-14T15:55:51","modified_gmt":"2015-09-14T18:55:51","slug":"salas-individuales","status":"publish","type":"page","link":"https:\/\/comeca.uy\/web\/salas-individuales\/","title":{"rendered":"Salas Individuales"},"content":{"rendered":"<p>&nbsp;<\/p>\n<p>Internaci\u00f3n en Salas Individuales<\/p>\n<p>El servicio te permite obtener total privacidad durante la internaci\u00f3n, en<\/p>\n<p>un entorno amplio, agradable, y con una hoteler\u00eda de alt\u00edsima calidad.<\/p>\n<p>&nbsp;<\/p>\n<p>Las salas est\u00e1n equipadas con:<\/p>\n<ul>\n<li>Aire acondicionado con control independiente<\/li>\n<li>Frigobar<\/li>\n<li>Televisi\u00f3n por cable<\/li>\n<li>Cofre de seguridad.<\/li>\n<li>Toallas de mano y ducha<\/li>\n<li>Cama y desayuno para un\u00a0 acompa\u00f1ante<\/li>\n<\/ul>\n<p>&nbsp;<\/p>\n<p>*Aplicable a un acompa\u00f1ante.<\/p>\n<p><a href=\"https:\/\/www.comeca.uy\/web\/wp-content\/uploads\/2016\/04\/in_cit-8.jpg\"><img loading=\"lazy\" decoding=\"async\" class=\"aligncenter wp-image-502 size-large\" src=\"https:\/\/www.comeca.uy\/web\/wp-content\/uploads\/2016\/04\/in_cit-8-1024x683.jpg\" alt=\"in_cit (8)\" width=\"1024\" height=\"683\" \/><\/a><\/p>\n<p><a href=\"https:\/\/www.comeca.uy\/web\/wp-content\/uploads\/2016\/04\/in_cit-9.jpg\"><img loading=\"lazy\" decoding=\"async\" class=\" wp-image-501 size-large aligncenter\" src=\"https:\/\/www.comeca.uy\/web\/wp-content\/uploads\/2016\/04\/in_cit-9-1024x683.jpg\" alt=\"in_cit (9)\" width=\"1024\" height=\"683\" \/><\/a><\/p>\n<p><a href=\"https:\/\/www.comeca.uy\/web\/wp-content\/uploads\/2016\/04\/in_cit-10.jpg\"><img loading=\"lazy\" decoding=\"async\" class=\"aligncenter wp-image-500 size-large\" src=\"https:\/\/www.comeca.uy\/web\/wp-content\/uploads\/2016\/04\/in_cit-10-1024x683.jpg\" alt=\"in_cit (10)\" width=\"1024\" height=\"683\" \/><\/a><\/p>\n<p>&nbsp;<\/p>\n<p>&nbsp;<\/p>\n<p>&nbsp;<\/p>\n<p>&nbsp;<\/p>\n","protected":false},"excerpt":{"rendered":"<p>&nbsp; Internaci\u00f3n en Salas Individuales El servicio te permite obtener total privacidad durante la internaci\u00f3n, en un entorno amplio, agradable, y con una hoteler\u00eda de alt\u00edsima calidad. &nbsp; Las salas est\u00e1n equipadas con: Aire acondicionado con control independiente Frigobar Televisi\u00f3n por cable Cofre de seguridad. Toallas de mano y ducha Cama y desayuno para un\u00a0 [&hellip;]<\/p>\n","protected":false},"author":1,"featured_media":0,"parent":0,"menu_order":0,"comment_status":"closed","ping_status":"closed","template":"","meta":{"footnotes":""},"class_list":["post-238","page","type-page","status-publish","hentry"],"_links":{"self":[{"href":"https:\/\/comeca.uy\/web\/wp-json\/wp\/v2\/pages\/238","targetHints":{"allow":["GET"]}}],"collection":[{"href":"https:\/\/comeca.uy\/web\/wp-json\/wp\/v2\/pages"}],"about":[{"href":"https:\/\/comeca.uy\/web\/wp-json\/wp\/v2\/types\/page"}],"author":[{"embeddable":true,"href":"https:\/\/comeca.uy\/web\/wp-json\/wp\/v2\/users\/1"}],"replies":[{"embeddable":true,"href":"https:\/\/comeca.uy\/web\/wp-json\/wp\/v2\/comments?post=238"}],"version-history":[{"count":0,"href":"https:\/\/comeca.uy\/web\/wp-json\/wp\/v2\/pages\/238\/revisions"}],"wp:attachment":[{"href":"https:\/\/comeca.uy\/web\/wp-json\/wp\/v2\/media?parent=238"}],"curies":[{"name":"wp","href":"https:\/\/api.w.org\/{rel}","templated":true}]}}