{"id":195,"date":"2015-09-01T08:49:48","date_gmt":"2015-09-01T11:49:48","guid":{"rendered":"http:\/\/www.comeca.uy\/web\/?page_id=195"},"modified":"2015-09-01T08:49:48","modified_gmt":"2015-09-01T11:49:48","slug":"educacion-medica-continua","status":"publish","type":"page","link":"https:\/\/comeca.uy\/web\/educacion-medica-continua\/","title":{"rendered":"Educaci\u00f3n M\u00e9dica Continua"},"content":{"rendered":"<p>Integrantes del Comite<\/p>\n<p>&nbsp;<\/p>\n<ul>\n<li>Prof. Dr. Juan Alonso<\/li>\n<li>Dr. \u00a0Sergio\u00a0Burgez<\/li>\n<li>Dr. Daniel Fernandez<\/li>\n<li>Prof. Dr. Gustavo Rodr\u00edguez<\/li>\n<\/ul>\n<p>&nbsp;<\/p>\n<p style=\"text-align: center;\"><strong>\u00a0Convenios Acad\u00e9micos<\/strong><\/p>\n<p>1- COMECA, tiene firmado un contrato con la\u00a0Facultad de Medicina\u00a0<strong>-Escuela de Graduados<\/strong><strong>,<\/strong>\u00a0donde se establece que la Instituci\u00f3n est\u00e1 Acreditada como organizadora de Actividades de Educaci\u00f3n M\u00e9dica Cont\u00ednua<\/p>\n<p>2- Por otra parte se firm\u00f3 un\u00a0<strong>Convenio Marco de Cooperaci\u00f3n entre el Instituto Universitario Centro Latinoamericano de Economia Humana (CLAEH) y COMECA<\/strong>, con el objetivo de articular esfuerzos para generar y fortalecer todo tipo de actividades que permitan profundizar los conocimientos , habilidades y destrezas espec\u00edficas tanto de alumnos como docentes y profesionales de ambas instituciones.<\/p>\n<p>3- Con la\u00a0<strong>Facultad de Enfermer\u00eda<\/strong>\u00a0tiene un convenio para Pasant\u00edas para estudiantes del \u00faltimo a\u00f1o de la \u00a0carrera de Licenciatura en Enfermer\u00eda<\/p>\n<p>&nbsp;<\/p>\n<p>4) \u00a0Como integrantes de FEMI , nuestra instituci\u00f3n recibe practicantes internos \u00a0y m\u00e9dicos residentes , de\u00a0<strong>Facultad de Medicina \u00a0de la UdelaR.<\/strong><\/p>\n","protected":false},"excerpt":{"rendered":"<p>Integrantes del Comite &nbsp; Prof. Dr. Juan Alonso Dr. \u00a0Sergio\u00a0Burgez Dr. Daniel Fernandez Prof. Dr. Gustavo Rodr\u00edguez &nbsp; \u00a0Convenios Acad\u00e9micos 1- COMECA, tiene firmado un contrato con la\u00a0Facultad de Medicina\u00a0-Escuela de Graduados,\u00a0donde se establece que la Instituci\u00f3n est\u00e1 Acreditada como organizadora de Actividades de Educaci\u00f3n M\u00e9dica Cont\u00ednua 2- Por otra parte se firm\u00f3 un\u00a0Convenio Marco [&hellip;]<\/p>\n","protected":false},"author":1,"featured_media":0,"parent":0,"menu_order":0,"comment_status":"closed","ping_status":"closed","template":"","meta":{"footnotes":""},"class_list":["post-195","page","type-page","status-publish","hentry"],"_links":{"self":[{"href":"https:\/\/comeca.uy\/web\/wp-json\/wp\/v2\/pages\/195","targetHints":{"allow":["GET"]}}],"collection":[{"href":"https:\/\/comeca.uy\/web\/wp-json\/wp\/v2\/pages"}],"about":[{"href":"https:\/\/comeca.uy\/web\/wp-json\/wp\/v2\/types\/page"}],"author":[{"embeddable":true,"href":"https:\/\/comeca.uy\/web\/wp-json\/wp\/v2\/users\/1"}],"replies":[{"embeddable":true,"href":"https:\/\/comeca.uy\/web\/wp-json\/wp\/v2\/comments?post=195"}],"version-history":[{"count":0,"href":"https:\/\/comeca.uy\/web\/wp-json\/wp\/v2\/pages\/195\/revisions"}],"wp:attachment":[{"href":"https:\/\/comeca.uy\/web\/wp-json\/wp\/v2\/media?parent=195"}],"curies":[{"name":"wp","href":"https:\/\/api.w.org\/{rel}","templated":true}]}}

Educación Médica Continua

<p>Integrantes del Comite</p>
<p>&nbsp;</p>
<ul>
<li>Prof. Dr. Juan Alonso</li>
<li>Dr.  Sergio Burgez</li>
<li>Dr. Daniel Fernandez</li>
<li>Prof. Dr. Gustavo Rodríguez</li>
</ul>
<p>&nbsp;</p>
<p style="text-align: center;"><strong> Convenios Académicos</strong></p>
<p>1- COMECA, tiene firmado un contrato con la Facultad de Medicina <strong>-Escuela de Graduados</strong><strong>,</strong> donde se establece que la Institución está Acreditada como organizadora de Actividades de Educación Médica Contínua</p>
<p>2- Por otra parte se firmó un <strong>Convenio Marco de Cooperación entre el Instituto Universitario Centro Latinoamericano de Economia Humana (CLAEH) y COMECA</strong>, con el objetivo de articular esfuerzos para generar y fortalecer todo tipo de actividades que permitan profundizar los conocimientos , habilidades y destrezas específicas tanto de alumnos como docentes y profesionales de ambas instituciones.</p>
<p>3- Con la <strong>Facultad de Enfermería</strong> tiene un convenio para Pasantías para estudiantes del último año de la  carrera de Licenciatura en Enfermería</p>
<p>&nbsp;</p>
<p>4)  Como integrantes de FEMI , nuestra institución recibe practicantes internos  y médicos residentes , de <strong>Facultad de Medicina  de la UdelaR.</strong></p>

<p>Integrantes del Comite &nbsp; Prof. Dr. Juan Alonso Dr.  Sergio Burgez Dr. Daniel Fernandez Prof. Dr. Gustavo Rodríguez &nbsp;  Convenios Académicos 1- COMECA, tiene firmado un contrato con la Facultad de Medicina -Escuela de Graduados, donde se establece que la Institución está Acreditada como organizadora de Actividades de Educación Médica Contínua 2- Por otra parte se firmó un Convenio Marco [&hellip;]</p>
